7 = -0. Let b be s(k). Suppose -3*r + b + 10 = 0. What is the units digit of r?
7
Suppose 0 = -w + 5*w + 4*n - 28, -9 = -3*w + n. Suppose -3 = w*z - 91. What is the tens digit of z?
2
Let j(h) = 11 - h**2 - 10 + 8*h - 10. What is the units digit of j(6)?
3
Let r = 11 - 8. Suppose 5*s + 0*s = r*t + 93, -2*s - t = -46. What is the tens digit of s?
2
Let n = 4 + -4. Suppose -a - 5 - 3 = n. What is the units digit of (-4)/(-16) + (-38)/a?
5
Let k = 24 + -13. Suppose k*h = 7*h + 52. What is the tens digit of h?
1
Let r(k) = -7*k**3 - 2*k**2 - 2*k - 1. Let b(l) = -6*l**3 - 3*l**2 - 3*l - 1. Let s(h) = 2*b(h) - 3*r(h). What is the tens digit of s(1)?
1
Let j = -36 - -50. Suppose -r = r - j. Suppose -19 = k + 4*z, -2*k + z + r = -0*z. What is the units digit of k?
1
Let r(d) = 5*d. Let q(a) = -14*a + 1. Let u(t) = -3*q(t) - 8*r(t). What is the tens digit of u(16)?
2
Suppose -36 + 114 = 2*i. What is the units digit of i?
9
Let v(i) = -i**3 + 6*i**2 - 7*i + 7. Let n be v(5). What is the units digit of (1/3)/(n/(-27))?
3
Let a = 14 - 29. What is the units digit of -2 - -6*a/(-6)?
3
Suppose 2*f = -5*x + 21, -3*x + 0 = -2*f - 3. What is the units digit of (-1)/(-1) + 0/f?
1
Let u(v) = 2*v + 36. What is the units digit of u(0)?
6
Let g(o) = o**2 + 10*o - 1. What is the tens digit of g(-11)?
1
Let y(d) be the first derivative of -2*d**2 - d + 1. Let p be y(-1). Suppose p*n - 10 = 14. What is the units digit of n?
8
Suppose 0 = 2*o + 7*o - 1206. What is the units digit of o?
4
Suppose -4*c + 7 - 163 = 0. Let b = 74 + c. Suppose 0 = 5*j + 4*z - 70, -5*z + b = 2*j + 7. What is the tens digit of j?
1
Let i(j) = -10*j - 12. Let s be i(-4). Suppose -188 = -5*c - s. What is the units digit of c?
2
Suppose -44 = -7*j + 3*j. Let m = 24 - j. What is the tens digit of m?
1
Let f(s) = s - 7. Let u(i) be the first derivative of i**2/2 - 6*i - 1. Let y(t) = 3*f(t) - 4*u(t). What is the units digit of y(0)?
3
Let a be (0/(1 + -3))/(-1). Suppose g + 5*q = 44, 2*g = -a*q + 2*q + 40. What is the units digit of g?
4
Let w(a) = a**3 - 6*a**2 + 5*a + 5. Let j be w(5). Suppose -j*y + 4 = -11. Suppose d + y*s - 16 = 0, -17 - 31 = -3*d - s. What is the units digit of d?
6
Suppose 2*p - 10 = n - 37, 71 = 3*n - 4*p. What is the units digit of n?
7
Suppose 0 = s + s - 8. Suppose 0 = x + 2*i - 2, -s*i + 9 + 5 = 3*x. What is the tens digit of x?
1
Let z(s) = s + 2. Let k be z(-10). Let x = k - -45. What is the units digit of x?
7
What is the hundreds digit of (-13616)/(-36) + (-7)/(189/6)?
3
Let l(i) = -i - 4. Suppose 2*u + 3*u + 70 = 0. Let t = u + 8. What is the units digit of l(t)?
2
Suppose 0*x = 4*g - 4*x - 256, 264 = 4*g - 2*x. Let i = g + -44. Let k = -17 + i. What is the units digit of k?
7
Suppose -f + 0*f = -3*l + 8, 0 = f - 1. Let z be -16*(l + -5)/(-2). Let i = z + 31. What is the units digit of i?
5
Suppose 7*i - 6*i - 37 = 0. What is the units digit of i?
7
Let z(f) = 25*f. Let k be z(1). Let q(t) = -t**2 + 4*t + 8. Let w be q(7). Let c = k + w. What is the tens digit of c?
1
Suppose -5*y + 16 + 5 = 3*r, -5*r = -4*y + 2. Suppose r*w = 2*c - 2*w - 8, -w = -3*c + 2. Suppose -8 = 4*o - c, -3*q - 4*o = 2. What is the units digit of q?
2
Let l(z) be the first derivative of 2*z**3/3 - z**2 + z + 1. Let g be 18/(-4)*(-2)/3. What is the units digit of l(g)?
3
Suppose 2*r + 20 = 3*r. Let u = r + -37. Let j = u - -29. What is the tens digit of j?
1
Let p(s) = -s**3 + 11*s**2 - 13*s + 15. Let c be p(10). Let v = 30 + c. Let t = 29 - v. What is the units digit of t?
4
Let w(m) = m**2 - 7*m - 7. Let u be w(-6). Suppose -4*q + 37 = -u. What is the tens digit of q?
2
Suppose 0 = 6*z - z + 15. Let a = z - 2. Let t(p) = -p**2 - 7*p. What is the tens digit of t(a)?
1
Let u = -10 + 11. Let b(x) = x - 3. Let g be b(7). Suppose -c - u = -g. What is the units digit of c?
3
Let g(t) be the third derivative of t**7/5040 - t**6/720 - t**5/60 + 2*t**2. Let z(u) be the third derivative of g(u). What is the units digit of z(2)?
1
Let v be 22/(-3) + 8/(-12). Let y be 26/6 - v/12. Suppose -l + 0*l + y = 0, 0 = 5*m - 2*l - 55. What is the tens digit of m?
1
Let k = -40 - -79. What is the tens digit of k?
3
Suppose 6 - 21 = -5*w. Suppose -4*z = 4*m - 72, -w*z + 70 = 5*m - 20. What is the units digit of m?
8
Suppose 1 + 35 = 2*n. Suppose 0*v + 3*v = n. Suppose 2*s - v = -0. What is the units digit of s?
3
Suppose 0*z - 12 = -4*z. Let j = z + 2. Suppose -3*t + 10 = -j. What is the units digit of t?
5
Suppose 0 = -5*o + 5*w + 105, 3*o + w - 47 = 32. Suppose 3*m - 23 = o. What is the units digit of m/(-10)*(-5)/2?
4
Let a = 10 + -8. Suppose -a = x + 5*u, -2*u - 3*u - 56 = -2*x. What is the tens digit of x?
1
Suppose -2*r + 470 = 3*r. What is the tens digit of r?
9
Suppose 27 = 2*f - 5*i - 1, 5*f - 70 = 5*i. What is the tens digit of f?
1
Suppose -32 = -4*s + w - 6*w, 5*s = -4*w + 31. Let g(c) = -8*c + 7. Let j be g(-4). Suppose -u = x - 9, s*u + j = 8*u + 3*x. What is the units digit of u?
6
Suppose 0 = -0*x - 2*x + 8. Suppose -2*k + 26 = -x*g, -6*k - 2*g + 2 = -2*k. Suppose 0 = -2*z - n + 9, -k*z - z + 3 = -3*n. What is the units digit of z?
3
Suppose -3*z - 41 = -7*z - 3*y, z = y + 19. Let c = z + -5. Suppose -3*h - c = -w - 2, 2*w = h + 9. What is the units digit of w?
4
Suppose 5*s + 55 = d + 2*d, 2*d = 5*s + 45. Suppose 2*u - u = d. What is the units digit of u?
0
Suppose 0 = 5*c - 10, z + 4*z + 4*c - 88 = 0. What is the tens digit of (4 + z)*1/2?
1
Let y(a) = a**2 - 5*a + 6. Let r be -4 + 1 - (1 + -10). What is the tens digit of y(r)?
1
Let b be (-5)/20 + (-63)/(-12). Let v(g) = g - 2. Let x be v(5). Suppose -r - 11 = -b*p - 33, -r + 14 = -x*p. What is the units digit of r?
2
What is the tens digit of (5 + 0)*32/5?
3
Let f = 100 + -26. Suppose 4*t + 22 = -4*p + f, -77 = -5*p + t. What is the units digit of p?
5
Let g(h) = -3*h**3 - 11*h**2 + 2*h + 5. What is the hundreds digit of g(-6)?
2
Suppose -5*p - 4 = -14. Suppose 9 = k - p. What is the units digit of k?
1
Let c(n) be the first derivative of -1/2*n**2 + 0*n + 2. What is the units digit of c(-1)?
1
Let r(v) = v**3 + 7*v**2 - 7*v - 6. What is the hundreds digit of r(4)?
1
Suppose u - 40 = 11. What is the units digit of u?
1
Let i be ((-10)/8)/(3/(-12)). Suppose i*s + 0*s = 65. What is the units digit of s?
3
Let k be -2 + 2 + 2 + -5. Let o = -1 - k. What is the units digit of o?
2
Let q(j) = j**3 + 7*j**2 + 7*j + 9. Let a be q(-6). Suppose a*m - 7 - 5 = 0. Suppose 19 - m = 3*o. What is the units digit of o?
5
Let a = 21 + -41. Let p be ((-1)/1)/((-1)/(-12)). Let r = p - a. What is the units digit of r?
8
Let p(c) = 7*c + 3. Let q be p(5). Suppose -2*r + 7*r = -2*a + 17, -5*r - q = -3*a. Suppose -2*n + 1 = -a. What is the units digit of n?
6
Suppose 2*c + 5*b - 6 = 2, -c + 6 = 3*b. Let j be 0/(-2*(-3)/c). Suppose -2*k = -5*w - 9, j = 4*k + w - 5 - 2. What is the units digit of k?
2
Let t = -134 + 190. What is the tens digit of t?
5
Suppose -5*c - h + 129 = 0, -2*h + 65 = 3*c - 18. What is the tens digit of c?
2
Let g be (-2 - -1) + 3 - 0. Let p be (g/(-3))/((-2)/9). Suppose -6 + p = -2*i + 5*z, -5*i - 4*z + 24 = 0. What is the units digit of i?
4
Let a be (2/4)/(7/(-28)). Let m(w) = -9*w + 4. What is the tens digit of m(a)?
2
Suppose 4*x = 10*r - 11*r + 1037, -4*x + 3*r = -1049. What is the tens digit of x?
6
Let o be ((-2)/3)/((-3)/9). Let s be (-6)/(-4) + 1/o. Suppose 4*p - f - s*f - 24 = 0, 4*f = 0. What is the units digit of p?
6
Suppose -3*o + 10*i = 5*i + 20, 4*o + 50 = -5*i. Let u = 0 - o. What is the units digit of u?
0
Let z = -3 - -6. Suppose 0 = -5*n + z*y + y + 10, y + 7 = 2*n. What is the units digit of n?
6
Let m(l) = -2*l. Let s be m(-2). Let u = 6 - s. Suppose f - 4 = 0, -4*z - u*f + 24 = f. What is the units digit of z?
3
Let s = -9 + 14. Suppose s*k - 40 + 150 = 0. Let q = -16 - k. What is the units digit of q?
6
Let f be 1/(-3) + (-28)/(-12). Suppose f*i = -2*i - 4*c - 4, -3*i - 2*c = 8. What is the units digit of ((-16)/i)/4*12?
8
Let g = 90 + -85. Let z(n) = 2*n**2 + 1. Let k be z(-1). Suppose 1 = k*a - g*q - 28, 3 = a - 5*q. What is the tens digit of a?
1
Suppose -3*a + 79 = 4*u, -u - 4*a - 91 = -6*u. What is the units digit of u?
9
What is the units digit of 31/(-2)*6/3*-1?
1
Suppose -4 = r, -2*v + 0*r + 8 = -2*r. Suppose